2. What is s(-13)?
0
Let p(w) = -2*w**2 + 9*w + 4. Let u be p(5). Let h(s) = 32*s**2 + 6*s - 4*s + 1 - 62*s**2 + 37*s**2 + 0. What is h(u)?
6
Let h(a) = -68*a - 1013. Let z be h(-15). Let c(g) = g**2 - 7*g + 1. Determine c(z).
1
Let g(s) = -s**3 - 9*s**2 - 2*s - 3. Let q(d) = -92*d. Let v be q(-1). Let i = -89 + v. Suppose -2*j + u = -0*u + 16, -u + 25 = -i*j. Give g(j).
15
Let b(c) = 69 + 111 + 51 - 16*c - 307. Calculate b(-5).
4
Let i(j) = -j**2 - 16*j. Let w be i(-16). Let p be (-4)/(-10) + w - 186/(-310). Let x(v) = -5*v + 2. Calculate x(p).
-3
Let i be -1*(0/2 + 1). Let k(d) be the second derivative of d**2/2 + 153*d - 2. Let c(t) = -t**2 - 4*t - 6. Let s(b) = i*c(b) - 3*k(b). What is s(-3)?
0
Let d be 6 - ((-12)/(-1))/4. Let m(j) = 17 - 21 + d + 2*j. What is m(-4)?
-9
Suppose -29 + 14 = -5*a. Let v(j) = -1 + 10*j - a - 2 - 11*j - 3. Give v(-9).
0
Let g(w) = -2*w - 62. Let p(m) = 4*m + 64. Let v(c) = -5*g(c) - 4*p(c). Determine v(8).
6
Let i(p) be the third derivative of -p**5/120 + p**4/8 + 3*p**3/2 - 4*p**2. Let n(w) be the first derivative of i(w). Give n(0).
3
Let k(s) be the second derivative of -20*s + 16/3*s**3 + 0 + 0*s**2 + 1/120*s**5 + 7/24*s**4. Let x(z) be the second derivative of k(z). Give x(0).
7
Let c(m) = -61*m + 8. Let r(q) = 172*q - 24. Let z(b) = -14*c(b) - 5*r(b). Determine z(8).
-40
Let l(g) = -g**3 + 7*g**2 - 5*g + 2. Suppose 72*m = 81*m - 27. Suppose -m*w - 2*x + 14 = 0, -4*w + 5*x + 28 = -w. Give l(w).
8
Let h(j) = -5*j - 2*j - j**2 + 0*j**2. Suppose -200*d = 20*d + 194 + 906. Determine h(d).
10
Let q(d) be the first derivative of 107 + d**2 - 1/3*d**3 + 3*d. Calculate q(4).
-5
Suppose 32*a + 52 = 36*a - o, 5*a - 66 = o. Let t(d) = d**3 - 14*d**2 + d + 24. What is t(a)?
38
Let a be (-8)/(-4) + (-36)/(-2). Let n = a + -10. Let b(o) = -o + 13. Let f be b(n). Let j(w) = 2*w. Give j(f).
6
Let j(a) be the second derivative of -2/3*a**3 + 1/2*a**2 + 240*a + 1/12*a**4 + 0. What is j(6)?
13
Let u(s) be the third derivative of 0*s + 1/3*s**3 + 0 - 1/3*s**4 + 1/60*s**5 - 97*s**2. Give u(7).
-5
Let x(p) = -10*p**2 + 7*p + 75. Let f(l) = 3*l**2 - 2*l - 22. Let h(y) = -7*f(y) - 2*x(y). Determine h(-3).
-5
Let m(p) = 6*p + 24. Let b be m(-6). Let f = -20 - b. Let q(l) = l**3 + 8*l**2 + 2*l + 12. Determine q(f).
-4
Let d(j) = -j**3 - 4*j**2 - 5*j + 4. Suppose -16*f = -34*f - 216. Let a be (((-80)/(-30))/(-8))/((-1)/f). Determine d(a).
24
Let v(a) = -a**2 - 11*a + 2. Suppose h - 28 + 31 = 0, 5*l = h - 92. Let x = l + 10. Calculate v(x).
20
Let p(m) = -2*m**2 + 23*m + 229. Let j be p(18). Let f be (3 - 7)/(1 + -3). Let d(u) = -u**3 - 7 + 9*u**2 + 2*u**3 - 3*u**f + 2*u. Determine d(j).
8
Let g(u) = -u**3 - 9*u**2 - 20*u - 1. Suppose -3*q = 4*b + 38, 11*b = -q + 9*b - 16. Calculate g(q).
11
Let z(a) be the first derivative of -5*a**2/2 + 10*a + 436. Calculate z(4).
-10
Let q be (-4 + 1)/(17/2 + -7). Suppose 8*o - 12 = 4*o. Let f(k) = k**2 - 5*k**2 + k**o + 5*k**2 + 0*k - k. Give f(q).
-2
Let h(x) = x**3 - 7*x**2 + 2*x - 8. Let a = 432 + -413. Suppose -m = a - 26. What is h(m)?
6
Let r(v) = 6*v**3 - 3*v**2 + 4*v - 1. Let y be r(1). Let b(f) = f - 7 + 3 + 2*f**2 - 4*f**2 + 10 + 9*f. Give b(y).
-6
Suppose 2*m - 15 = 5*v, m = 6*m + 5*v - 55. Let g(z) = 657*z**3 + z - 327*z**3 - m - 331*z**3 - 9. Determine g(0).
-19
Let d = -4164 - -4163. Let a(m) = 92*m**2 + 4*m + 2. Calculate a(d).
90
Let q(y) = -3*y + 6*y - 4*y + 8 + 5*y. Let v be 2 - (-6 - -14) - 0. Determine q(v).
-16
Let f(c) = 25*c - 1. Let o(b) = -b**2 - 132*b - 1. Let a(v) = 5*f(v) + o(v). Suppose 17 = 3*k - 2*t + 38, 0 = 4*t - 12. Give a(k).
4
Suppose -59 = -6*h - 17. Let n be -81*(-3 + (-40)/(-15)). Let i(b) = 26*b**2 - n*b**2 - 5 - 2 + 9*b. Give i(h).
7
Let k be 1/4 + 33/12. Let n(v) = v + 6. Suppose -g + 28 = 26. Let m(f) = -6. Let b(y) = g*n(y) + k*m(y). What is b(4)?
2
Suppose -2*f + 29 = -f. Let s = f + -29. Let p(i) = -4 + 0 + i - 4*i + s*i. Give p(-4).
8
Let u = 437 + -421. Let g(s) = 109*s - 54*s - 54*s + 3 - u. Determine g(4).
-9
Let h(z) = -260 + 3*z**3 + 474 + 12*z + z**3 - 27*z**2 - 6*z**3 - 244. What is h(-14)?
-2
Suppose -223*b + 221*b = -2. Let j(t) = -21*t**3 - 2. Let p(x) = -10*x**3 - 1. Let f(c) = 3*j(c) - 7*p(c). Calculate f(b).
8
Let d(z) be the second derivative of 2*z**3/3 + 37*z**2/2 + 31*z. Let c be (-325)/39 + (-2)/3. Let j be d(c). Let l(k) = -8*k. Calculate l(j).
-8
Let l(n) = n. Suppose -3*f - 16 = -4. Let v(x) be the first derivative of 2*x**3/3 - 5*x**2/2 - 4*x + 1771. Let s(r) = f*l(r) - v(r). Determine s(4).
-24
Let v(f) = -f**3 - 7*f**2 - 5*f + 6. Let q be 42/(-28) - 21/6 - -41. Let t = q + -43. Determine v(t).
41
Let q(n) = 17*n**3 - 32*n**2 + 2*n - 6. Let y(f) be the first derivative of 5*f**4/4 - 10*f**3/3 + f**2/2 - 2*f + 209. Let u(r) = -2*q(r) + 7*y(r). Give u(5).
-12
Suppose 6*t = 2*a - 398, -5*a + 46 = -5*t - 259. Let x(g) = -6*g - 411. Give x(t).
3
Suppose 4*w - j - 104 = 0, 0 = 3*w - 4*j - 26 - 52. Let l(o) = -8*o + 220. Determine l(w).
12
Let f(d) = -d - 100 + 7*d + 204 - 103. Determine f(-1).
-5
Let s(d) be the third derivative of -d**5/60 - d**4/2 - 4*d**3 + 37*d**2 + 39*d. Determine s(-10).
-4
Let i = 3 + 46. Let z = -57 + i. Let h(a) = a**3 + 8*a**2 + 4*a + 12. Determine h(z).
-20
Let u(f) be the first derivative of -f**4/4 - 5*f**3/3 + 7*f**2/2 + 23*f - 7319. Determine u(-2).
-3
Let j(q) be the first derivative of -q**4/4 + 22*q**3/3 - 21*q**2/2 - 6*q + 2366. Calculate j(21).
-6
Let d(m) = 6*m**2 + 70*m. Let a be d(-12). Suppose 2*c - 28 + a = 0. Let l(f) = -20*f + 1. Determine l(c).
-39
Let h be (-15)/(-735)*21 - 25/(-7). Let t(r) = -r**3 + 3*r**2 + 7*r - 9. Calculate t(h).
3
Let x(j) = 8*j - 12. Let r(u) = -17*u + 25. Let f(p) = -3*r(p) - 7*x(p). Let b be (-2)/(-17 + 650/39). What is f(b)?
-21
Let q(x) = 2*x + 3. Let r(u) = -6*u + 78. Let z be r(9). Suppose -3*i - z = 5*w, -i + 16 + 4 = -3*w. Give q(w).
-9
Let o(b) be the first derivative of b**2/2 + 338. Suppose m + 1 = -0. Let k(p) = p**2. Let r be k(m). What is o(r)?
1
Let m(h) = h**3 + 3*h - 3. Let a(v) be the first derivative of 5*v**2/2 + 12*v + 3. Let y be a(-2). Give m(y).
11
Let t be (-84)/(-2) + (-50)/25. Let u(q) = 0*q**2 - t*q**3 - q + 0*q**2 + 46*q**3. Let r(l) = -l**3 - 5*l**2 - l - 6. Let n be r(-5). Give u(n).
-5
Let o(z) = 22*z - 19. Let k = 18881 + -18879. Determine o(k).
25
Suppose 4*b - 10 - 6 = q, -23 = -2*q - 3*b. Let u(z) = 5*z. Give u(q).
20
Suppose 4*h - 2*j = 4, 5*h + 2*j - 31 = -2*j. Let p(r) = 3*r - 2*r + 2*r**2 + 4 - 8*r**h + 9*r**3. Give p(-3).
-8
Let g(r) be the first derivative of r**3/3 + 3*r**2/2 - r + 1. Let l = 372 - 368. Suppose -y = -4*d + 8, -l*y + 7 = -7*y - 5*d. Calculate g(y).
3
Let h(v) be the third derivative of -v**6/360 + 3*v**5/20 + v**4/12 + 7*v**3/6 + v**2 - 22*v. Let l(f) be the second derivative of h(f). Determine l(9).
0
Let t(b) = 137*b**3 - 23*b**2 + 86*b - 21. Let z(o) = 25*o**3 - 5*o**2 + 17*o - 4. Let r(v) = 2*t(v) - 11*z(v). Give r(6).
20
Let t(b) = -8*b**2 - 2*b. Let l be (33/(-9) + 3)*3/2. Determine t(l).
-6
Let s(g) = 0 + 7*g - 2*g**2 + g**2 + 1 - 3. Let n(t) = 10*t**3 + t**2 - 5*t + 2. Let b be n(1). Give s(b).
-10
Let j(y) = 27*y**2 - 2*y - 1. Let h = 528 + -529. Calculate j(h).
28
Let r be 2/(5 + (-484)/96). Let v = r - -54. Let f(n) = -n**3 + 7*n**2 - 7*n + 1. Calculate f(v).
-5
Let t(s) = -s**3 - 33*s**2 + 70*s + 6. Let f be t(-35). Let w(y) = -y**2 - 2*y - 13. Let o(d) = -2*d - 1. Let c(a) = f*o(a) + w(a). Determine c(-13).
-6
Let q(v) = -v + 1. Suppose 0 - 2 = o. Let p(d) = -303*d + 69. Let l(u) = 63*u - 14. Let n(t) = 24*l(t) + 5*p(t). Let g(m) = o*q(m) + n(m). Calculate g(5).
2
Suppose -100*b + 74 - 101 = -727. Let p(l) = -l**2 + 4*l - 10. Determine p(b).
-31
Let p(n) = 8*n - 1. Let i(c) = -10*c + 1. Suppose 5*a + 5*q - 40 = 0, -5 = 32*a - 37*a + 2*q. Let o(v) = a*p(v) + 4*i(v). Determine o(-1).
17
Let v(o) = 14 - 45595*o**2 - 45585*o**2 + o**3 + 91164*o**2 + 22*o. What is v(14)?
-70
Let r(z) = 2*z**2 + 10*z + 14. Let m be r(-4). Let k(t) = -2*t - 9*t**2 - 2 + 3*t - m*t**2 + 19*t**2. What is k(2)?
16
Let g(h) = 6*h**2 - 25 + 10 - 12079*h**3 + 12080*h**3. Give g(-3).
12
Suppose -x + 147 = 145. Let f(s) = -10 + s**2 + 16*s**x - 15*s**2 + 8*s. Determine f(-7).
32
Let k(w) be the second derivative of w**5/1